{"id":246,"date":"2019-11-23T18:26:57","date_gmt":"2019-11-23T17:26:57","guid":{"rendered":"http:\/\/tono.goip.de\/WordPress\/?page_id=246"},"modified":"2025-06-24T09:11:16","modified_gmt":"2025-06-24T09:11:16","slug":"cleverly-540","status":"publish","type":"page","link":"https:\/\/aufaxe.de\/?page_id=246","title":{"rendered":"Cleverly 540"},"content":{"rendered":"\n<p><\/p>\n\n\n\n<p>Cleverly 540 mit grossem 10 Zoll Naviceiver (inkl. Navigation) , R\u00fcckfahrkamrea UND Elektro Autark Paket. <br>Das hei\u00dft 100AH LiFePO Akku ( Kapazit\u00e4t zu 90% nutzbar) , 150WP Solaranlage mit MPPT Regler, 25A B2B Ladebooster ! <br>Damit sollte das Fahrzeug von April bis Oktober relativ unabh\u00e4ngig von Landstrom sein (ausser man ben\u00f6tigt 230V im Camper) . <br>Dieselheizung gibt es hier ja ab Werk, bleibt also nur noch Frisch\/Abwasser und Toilettenensorgung um die sich der Nutzer k\u00fcmmern muss.<\/p>\n\n\n\n<figure class=\"wp-block-image size-large is-style-rounded\"><img loading=\"lazy\" decoding=\"async\" width=\"1024\" height=\"603\" src=\"https:\/\/aufaxe.de\/wp-content\/uploads\/2021\/11\/Elektrik-beschriftet-1200px-1024x603.jpg\" alt=\"\" class=\"wp-image-606\" srcset=\"https:\/\/aufaxe.de\/wp-content\/uploads\/2021\/11\/Elektrik-beschriftet-1200px-1024x603.jpg 1024w, https:\/\/aufaxe.de\/wp-content\/uploads\/2021\/11\/Elektrik-beschriftet-1200px-300x177.jpg 300w, https:\/\/aufaxe.de\/wp-content\/uploads\/2021\/11\/Elektrik-beschriftet-1200px-768x452.jpg 768w, https:\/\/aufaxe.de\/wp-content\/uploads\/2021\/11\/Elektrik-beschriftet-1200px.jpg 1200w\" sizes=\"auto, (max-width: 1024px) 100vw, 1024px\" \/><\/figure>\n\n\n\n<p>Und sonst &#8230;.<\/p>\n\n\n\n<p>unser 540er Clever mit Doppelstockbetten (3 feste Schlafpl\u00e4tze , Dieselheizung, Solaranlage, AHK, Kompressork\u00fchlschrank, Fliegengitter in der Schiebet\u00fcr , Faltverdunklungen im Fahrerhaus &#8230;.. usw..<\/p>\n\n\n\n<figure class=\"wp-block-image size-large is-style-rounded\"><img loading=\"lazy\" decoding=\"async\" width=\"1024\" height=\"525\" src=\"https:\/\/aufaxe.de\/wp-content\/uploads\/2021\/08\/VornLinks-1024x525.jpg\" alt=\"\" class=\"wp-image-587\" srcset=\"https:\/\/aufaxe.de\/wp-content\/uploads\/2021\/08\/VornLinks-1024x525.jpg 1024w, https:\/\/aufaxe.de\/wp-content\/uploads\/2021\/08\/VornLinks-300x154.jpg 300w, https:\/\/aufaxe.de\/wp-content\/uploads\/2021\/08\/VornLinks-768x394.jpg 768w, https:\/\/aufaxe.de\/wp-content\/uploads\/2021\/08\/VornLinks.jpg 1200w\" sizes=\"auto, (max-width: 1024px) 100vw, 1024px\" \/><figcaption class=\"wp-element-caption\">541cm lang, ca. 200cm breit , 3500kg zul\u00e4ssiges Gesamtgewicht (zGG)<\/figcaption><\/figure>\n\n\n\n<div class=\"wp-block-group\"><div class=\"wp-block-group__inner-container is-layout-flow wp-block-group-is-layout-flow\">\n<figure class=\"wp-block-image size-large is-style-rounded\"><img loading=\"lazy\" decoding=\"async\" width=\"1024\" height=\"644\" src=\"https:\/\/aufaxe.de\/wp-content\/uploads\/2021\/08\/IMG_20210618_193216-1024x644.jpg\" alt=\"\" class=\"wp-image-588\" srcset=\"https:\/\/aufaxe.de\/wp-content\/uploads\/2021\/08\/IMG_20210618_193216-1024x644.jpg 1024w, https:\/\/aufaxe.de\/wp-content\/uploads\/2021\/08\/IMG_20210618_193216-300x189.jpg 300w, https:\/\/aufaxe.de\/wp-content\/uploads\/2021\/08\/IMG_20210618_193216-768x483.jpg 768w, https:\/\/aufaxe.de\/wp-content\/uploads\/2021\/08\/IMG_20210618_193216.jpg 1200w\" sizes=\"auto, (max-width: 1024px) 100vw, 1024px\" \/><figcaption class=\"wp-element-caption\"> Solar, Fahrradtr\u00e4ger und Markise inklusive<\/figcaption><\/figure>\n\n\n\n<figure class=\"wp-block-image size-large is-style-rounded\"><img loading=\"lazy\" decoding=\"async\" width=\"1024\" height=\"515\" src=\"https:\/\/aufaxe.de\/wp-content\/uploads\/2021\/08\/BettHinten-1024x515.jpg\" alt=\"\" class=\"wp-image-589\" srcset=\"https:\/\/aufaxe.de\/wp-content\/uploads\/2021\/08\/BettHinten-1024x515.jpg 1024w, https:\/\/aufaxe.de\/wp-content\/uploads\/2021\/08\/BettHinten-300x151.jpg 300w, https:\/\/aufaxe.de\/wp-content\/uploads\/2021\/08\/BettHinten-768x387.jpg 768w, https:\/\/aufaxe.de\/wp-content\/uploads\/2021\/08\/BettHinten.jpg 1200w\" sizes=\"auto, (max-width: 1024px) 100vw, 1024px\" \/><figcaption class=\"wp-element-caption\">und zwei kleine Schr\u00e4nke am oberen Bett<\/figcaption><\/figure>\n\n\n\n<figure class=\"wp-block-image size-large is-style-rounded\"><img loading=\"lazy\" decoding=\"async\" width=\"472\" height=\"1024\" src=\"https:\/\/aufaxe.de\/wp-content\/uploads\/2021\/08\/Sitzgruppe-472x1024.jpg\" alt=\"\" class=\"wp-image-590\" srcset=\"https:\/\/aufaxe.de\/wp-content\/uploads\/2021\/08\/Sitzgruppe-472x1024.jpg 472w, https:\/\/aufaxe.de\/wp-content\/uploads\/2021\/08\/Sitzgruppe-138x300.jpg 138w, https:\/\/aufaxe.de\/wp-content\/uploads\/2021\/08\/Sitzgruppe.jpg 553w\" sizes=\"auto, (max-width: 472px) 100vw, 472px\" \/><figcaption class=\"wp-element-caption\"><br>die Dinette (Sitzgruppe) der Tisch wird dann davor eingeh\u00e4ngt  (siehe unten)  und die Fahrersitze gedreht<\/figcaption><\/figure>\n<\/div><\/div>\n\n\n\n<figure class=\"wp-block-image size-large\"><img loading=\"lazy\" decoding=\"async\" width=\"740\" height=\"1024\" src=\"https:\/\/aufaxe.de\/wp-content\/uploads\/2024\/12\/DinetteTisch-740x1024.jpg\" alt=\"\" class=\"wp-image-1249\" srcset=\"https:\/\/aufaxe.de\/wp-content\/uploads\/2024\/12\/DinetteTisch-740x1024.jpg 740w, https:\/\/aufaxe.de\/wp-content\/uploads\/2024\/12\/DinetteTisch-217x300.jpg 217w, https:\/\/aufaxe.de\/wp-content\/uploads\/2024\/12\/DinetteTisch-768x1063.jpg 768w, https:\/\/aufaxe.de\/wp-content\/uploads\/2024\/12\/DinetteTisch-1110x1536.jpg 1110w, https:\/\/aufaxe.de\/wp-content\/uploads\/2024\/12\/DinetteTisch.jpg 1156w\" sizes=\"auto, (max-width: 740px) 100vw, 740px\" \/><\/figure>\n\n\n\n<div class=\"wp-block-group\"><div class=\"wp-block-group__inner-container is-layout-flow wp-block-group-is-layout-flow\">\n<figure class=\"wp-block-image is-style-rounded\"><img loading=\"lazy\" decoding=\"async\" width=\"1013\" height=\"1024\" src=\"https:\/\/aufaxe.de\/wp-content\/uploads\/2019\/11\/C540-10-Bad-1-1013x1024.jpg\" alt=\"\" class=\"wp-image-257\" srcset=\"https:\/\/aufaxe.de\/wp-content\/uploads\/2019\/11\/C540-10-Bad-1-1013x1024.jpg 1013w, https:\/\/aufaxe.de\/wp-content\/uploads\/2019\/11\/C540-10-Bad-1-297x300.jpg 297w, https:\/\/aufaxe.de\/wp-content\/uploads\/2019\/11\/C540-10-Bad-1-768x776.jpg 768w, https:\/\/aufaxe.de\/wp-content\/uploads\/2019\/11\/C540-10-Bad-1-100x100.jpg 100w, https:\/\/aufaxe.de\/wp-content\/uploads\/2019\/11\/C540-10-Bad-1.jpg 1200w\" sizes=\"auto, (max-width: 1013px) 100vw, 1013px\" \/><figcaption class=\"wp-element-caption\"> <\/figcaption><\/figure>\n\n\n\n<figure class=\"wp-block-image size-large is-style-rounded\"><img loading=\"lazy\" decoding=\"async\" width=\"523\" height=\"1024\" src=\"https:\/\/aufaxe.de\/wp-content\/uploads\/2021\/08\/KuecheMitKuehli-523x1024.jpeg\" alt=\"\" class=\"wp-image-591\" srcset=\"https:\/\/aufaxe.de\/wp-content\/uploads\/2021\/08\/KuecheMitKuehli-523x1024.jpeg 523w, https:\/\/aufaxe.de\/wp-content\/uploads\/2021\/08\/KuecheMitKuehli-153x300.jpeg 153w, https:\/\/aufaxe.de\/wp-content\/uploads\/2021\/08\/KuecheMitKuehli.jpeg 613w\" sizes=\"auto, (max-width: 523px) 100vw, 523px\" \/><\/figure>\n<\/div><\/div>\n\n\n\n<figure class=\"wp-block-image size-full is-style-rounded\"><img loading=\"lazy\" decoding=\"async\" width=\"800\" height=\"390\" src=\"https:\/\/aufaxe.de\/wp-content\/uploads\/2019\/11\/2tesBett-02.jpg\" alt=\"\" class=\"wp-image-93\" srcset=\"https:\/\/aufaxe.de\/wp-content\/uploads\/2019\/11\/2tesBett-02.jpg 800w, https:\/\/aufaxe.de\/wp-content\/uploads\/2019\/11\/2tesBett-02-300x146.jpg 300w, https:\/\/aufaxe.de\/wp-content\/uploads\/2019\/11\/2tesBett-02-768x374.jpg 768w\" sizes=\"auto, (max-width: 800px) 100vw, 800px\" \/><figcaption class=\"wp-element-caption\">F\u00fcr das Fahrerhaus gitb es auf Wunsch noch ein Kinderbett !<\/figcaption><\/figure>\n","protected":false},"excerpt":{"rendered":"<p>Cleverly 540 mit grossem 10 Zoll Naviceiver (inkl. Navigation) , R\u00fcckfahrkamrea UND Elektro Autark Paket. Das hei\u00dft 100AH LiFePO Akku ( Kapazit\u00e4t zu 90% nutzbar) , 150WP Solaranlage mit MPPT Regler, 25A B2B Ladebooster ! Damit sollte das Fahrzeug von April bis Oktober relativ unabh\u00e4ngig von Landstrom sein (ausser man ben\u00f6tigt 230V im Camper) . <a class=\"more-link\" href=\"https:\/\/aufaxe.de\/?page_id=246\">weiterlesen&#8230;<\/a><\/p>\n","protected":false},"author":1,"featured_media":0,"parent":15,"menu_order":0,"comment_status":"closed","ping_status":"closed","template":"","meta":{"footnotes":""},"class_list":["post-246","page","type-page","status-publish","hentry"],"_links":{"self":[{"href":"https:\/\/aufaxe.de\/index.php?rest_route=\/wp\/v2\/pages\/246","targetHints":{"allow":["GET"]}}],"collection":[{"href":"https:\/\/aufaxe.de\/index.php?rest_route=\/wp\/v2\/pages"}],"about":[{"href":"https:\/\/aufaxe.de\/index.php?rest_route=\/wp\/v2\/types\/page"}],"author":[{"embeddable":true,"href":"https:\/\/aufaxe.de\/index.php?rest_route=\/wp\/v2\/users\/1"}],"replies":[{"embeddable":true,"href":"https:\/\/aufaxe.de\/index.php?rest_route=%2Fwp%2Fv2%2Fcomments&post=246"}],"version-history":[{"count":13,"href":"https:\/\/aufaxe.de\/index.php?rest_route=\/wp\/v2\/pages\/246\/revisions"}],"predecessor-version":[{"id":1422,"href":"https:\/\/aufaxe.de\/index.php?rest_route=\/wp\/v2\/pages\/246\/revisions\/1422"}],"up":[{"embeddable":true,"href":"https:\/\/aufaxe.de\/index.php?rest_route=\/wp\/v2\/pages\/15"}],"wp:attachment":[{"href":"https:\/\/aufaxe.de\/index.php?rest_route=%2Fwp%2Fv2%2Fmedia&parent=246"}],"curies":[{"name":"wp","href":"https:\/\/api.w.org\/{rel}","templated":true}]}}